 Let f be g/36 - (-4)/(-18). What is k(f)?
9
Let i(k) be the first derivative of 0*k + 0*k**2 - 1/360*k**6 + 1/8*k**4 - 1/15*k**5 + k**3 - 3. Let c(a) be the third derivative of i(a). What is c(-9)?
-6
Suppose 0 = -x - 0 + 3. Suppose 0 = -4*g + s + 21, -g - 4*s = 2*g + 8. Let b(j) = 0*j**2 + 3 + 3*j - g*j - j**2 + 2*j**2. Give b(x).
9
Let g(r) = r**3 + 2*r**2 + r - 1. Let w be g(-2). Let p(x) = -6*x - 26. Let b be p(-6). Let s(v) = -b*v - 1 - 11*v + 19*v + 0. Determine s(w).
5
Let h(y) = -6*y - 10. Let r(d) = 4*d - 1. Let o(u) = h(u) + 2*r(u). Suppose -2*t - 32 = -6*t. What is o(t)?
4
Let d(t) be the second derivative of t**5/20 + 5*t**4/6 - 5*t**3/3 + 15*t**2/2 + 22*t. Determine d(-11).
4
Let y(l) = 2*l + 2 + 0 - l**2 - 132*l**3 + 139*l**3. Let t(c) = -27*c**3 + 5*c**2 - 9*c - 9. Let x(w) = 2*t(w) + 9*y(w). Calculate x(1).
10
Let y(p) = p**3 + 9*p**2 - p - 6. Let a(k) = k**3 + k**2 + k - 1. Let w(z) = -2*a(z) + y(z). Determine w(7).
-25
Let b(j) be the first derivative of j**5/5 + j**4/6 - j**3/6 + j - 1. Let u(q) be the first derivative of b(q). Suppose 5*z + 11 = 16. Determine u(z).
5
Let v(c) = 3*c - 18. Let g(n) = 3*n - 17. Let j(b) = 2*g(b) - 3*v(b). Let t be j(7). Let o(l) = 2*l**3 - 2*l - 1. What is o(t)?
-1
Let w(o) = -3*o**2 + 17*o - 16*o - 1 + 2*o**2 + 0*o**2. Suppose 2 - 10 = -4*y. Give w(y).
-3
Let x(t) = 7*t**3 - 3*t**2 + t + 1. Let z = -1193 + 1194. Determine x(z).
6
Let m = -8 + 11. Suppose 0 = m*b - b + 6. Let f(g) = 1435*g**3 - 4*g**2 + g + 1 + 2 - 1436*g**3. Give f(b).
-9
Suppose 124 = -5*n + 119, 3*u + 5*n - 19 = 0. Let j(i) = -5*i + 24. Give j(u).
-16
Let h(g) = -3*g**3 - 2*g**2 + g. Let o(c) = 2*c + 1. Let s be o(-1). Let u be h(s). Let a(y) = -y + y**3 - 5 + 2 - 4 + y**2. What is a(u)?
-7
Let s(b) = -b**3 - 4*b**2 + 8*b + 10. Suppose -30 = 4*f - 2*m, 13*f + 25 = 12*f + 4*m. Determine s(f).
-5
Let x(p) = -4*p + 2. Let d be (0 - 8/12)/(2/(-6)). Give x(d).
-6
Let p(l) be the second derivative of -l**4/12 + 7*l**3/6 - 6*l**2 + 108*l. What is p(4)?
0
Let v(l) = -l - 3*l + 2*l + 11 + 4*l. Let n(r) = -r - 5. Let y(c) = 9*n(c) + 4*v(c). Suppose 5*g = 2*g - 3. Give y(g).
0
Let l(q) = 7*q**2 - q. Let n(s) = -s**3 + 9*s**2 + 9*s + 12. Let i be n(10). Suppose -k - 4*c + 9 = -i*k, 0 = -4*k + 4*c - 48. Let y = 14 + k. Give l(y).
6
Let a(h) = -h**2 + 5*h + 11. Suppose -2*n = 4*b - 6*b + 2, -2*b - 2*n + 22 = 0. Determine a(b).
5
Suppose -2*l - 3*l + 10 = 0. Let d(n) = -1 + 6 - n**3 - 21*n**l + 31*n**2. Determine d(10).
5
Let y be (-8 + 2)/(-6) - -3. Let f(v) = -v + 5. Determine f(y).
1
Suppose -5*c - 28 = -43. Let g(m) be the second derivative of m**2 + 2*m + 0 - 1/2*m**c. Calculate g(6).
-16
Suppose 3*g - 26 = -2*n - 0, -4*n + 36 = -2*g. Suppose n*s - 3 - 27 = 0. Let q(i) = -i. What is q(s)?
-3
Let y(q) = 26*q + 24*q - 71*q + 23*q - 1. Suppose 3*s + 17 - 5 = -2*b, -8 = 2*s - 2*b. What is y(s)?
-9
Let a(n) = -n**3 + 5*n**2 - 10*n + 26. Let s be a(4). Let b(l) = l - 13 - 3*l + 6*l + 11 - l**s. Calculate b(3).
1
Suppose 0 = -29*z + 7*z + 22. Let x(l) be the third derivative of -1/24*l**4 - l**2 + 0*l**3 + 0 - 1/30*l**5 + 0*l. Determine x(z).
-3
Let g(s) = -8*s + 5. Let n(b) = -b**3 + 13*b**2 - 31*b + 6. Let i be n(3). Calculate g(i).
-19
Let z(w) = -w - 6. Let c be 2 + -31*(-4)/(-4). Let l = 23 + c. Calculate z(l).
0
Let v(t) = -3*t - 9. Let z(a) = -a - 2. Let u(i) = 2*v(i) - 9*z(i). Determine u(7).
21
Suppose 2*c + 2 = -2*w, -2*w - 12 = -c - 2*c. Suppose 2*o + 4*b = -10, 0*b + 7 = -c*o - 3*b. Let i(u) = -u + u - u + 2*u**3. Determine i(o).
1
Suppose 33 = 6*n + 381. Let m = -66 - n. Let y(k) = -k - 9. Give y(m).
-1
Let d(v) = v**3 - 10*v**2 - 12*v + 15. Let r be 6/(-24)*-22*2. What is d(r)?
4
Let u(i) = -3*i**2 - 17*i + 11. Let p be u(-6). Let s(c) = 2*c + 5. Let q(b) = 3*b + 7. Let x(m) = p*q(m) - 8*s(m). Determine x(7).
-12
Let b be ((-2)/(-3))/(22/99)*1. Let w(u) be the first derivative of -4 + 0*u + u**4 + 2/3*u**b + 1/2*u**2. What is w(-1)?
-3
Let i(r) = r**3 + 24*r**2 + 44*r + 15. Let s be i(-22). Let t(g) = -g + 26. Give t(s).
11
Let n(o) = o**2 + 6*o - 1. Let d(s) = s**3 + 13*s**2 - 14*s + 2. Let c be d(-14). Suppose q = -j + 1, c*q + 14 = 4*q + 5*j. Calculate n(q).
-10
Let y(b) = b - 6. Let d(i) = i**3 - 10*i**2 + 11*i - 3. Let o be d(9). Let x be (0 - 1)*75/o. Determine y(x).
-11
Let a be (-1)/(3/6 + 56/(-80)). Let w(l) = l**2 - 7*l + 4. Give w(a).
-6
Suppose -15*c + 42 = -c. Let h(j) = 3*j + 1. What is h(c)?
10
Let m(c) = c**2 - 4*c - 24. Let h be m(8). Suppose -h + 12 = -o. Let x(v) = -v - 9. Determine x(o).
-5
Let y(d) be the second derivative of d**4/12 + d**3/6 + d**2/2 + 2*d. Let o = -614 - -613. What is y(o)?
1
Let b = -2 - -3. Let c(y) = -18*y - 1. Let o(z) = z. Let u(j) = -j + 19. Let k be u(14). Let w(r) = k*o(r) + c(r). Give w(b).
-14
Let d(y) = y**2 - 71*y - 72. Let k be d(-1). Let m(u) = 2*u**3 - u**2 + 18 - u**3 - 2*u**3. What is m(k)?
18
Let v(x) be the third derivative of x**4/6 + 5*x**3 - 198*x**2 + 2. Give v(-7).
2
Let d(h) = 2*h**2 - h**2 + 0*h**2 - 1 + 0*h**2 - 4*h. Let t(g) = g**2 - 10*g + 13. Let f = -8 - -17. Let l be t(f). What is d(l)?
-1
Let k(c) = 5*c**2 + 4*c + 2. Let w(s) = 14*s**2 + 11*s + 7. Let p(x) = 8*k(x) - 3*w(x). Let d(j) = j**2 + 2. Let m(v) = -13*d(v) - 6*p(v). What is m(4)?
12
Let a(j) = 8*j + 43. Let n be a(-5). Let c(m) = -m**2 + 5*m - 4. Determine c(n).
2
Let s(o) = -o**2 + 13*o + 3. Let n(m) = -m**2 + 14*m + 5. Let u(a) = 6*n(a) - 7*s(a). Calculate u(8).
17
Let p(i) = -i**3 - i**2 + i + 1. Let y(g) = 10*g**3 + 4*g**2 - 3*g - 3. Let l(b) = -4*p(b) - y(b). Let x be l(-1). Let h(z) = z**3 - 6*z**2 + 3. Give h(x).
3
Let d(i) = -273 + 12*i + 95 + 99. What is d(7)?
5
Let j(w) be the first derivative of -1/4*w**4 - 3/2*w**2 - 2*w - 2*w**3 - 13. Calculate j(-5).
-12
Let y(z) = 3*z + 4. Let l be 11 - (-72)/(-32)*4/3. Give y(l).
28
Let k(a) = a**3 + 5*a**2 + 4. Suppose 3*s + 3*g + 4 = 10, s - 17 = 4*g. Suppose s = -v - 0*v. Give k(v).
4
Let a(i) = i**2 - 11*i + 5. Let q(d) = d**3 + 4*d**2 - 15*d - 50. Let m be q(-4). Determine a(m).
-5
Let c(l) = -l**2 + 3*l + 4. Suppose -2*z + z = -1. Let d be z + -6*3/(-6). Suppose 4*m - 29 = -9*a + 4*a, -d*a = -4*m - 16. Give c(a).
-6
Let t(n) = 3*n - 4. Let g be t(3). Let s(y) = 5*y + 147*y**2 - 27*y**2 - 36*y**2 - 46*y**2 - 39*y**2 - 4. What is s(g)?
-4
Let x(o) = -o**3 - 2. Let q(s) be the first derivative of -s**3/3 - 4*s**2 - 14*s + 17. Let j be q(-6). What is x(j)?
6
Let s(y) = -3 - 2*y + 9*y - 535*y**2 + 534*y**2. Determine s(5).
7
Let y(m) = m**3 + 8*m**2 - 5*m - 1. Let v(l) = -70*l**3 - 2 + 3 + 9*l + 68*l**3 - 15*l**2. Let k(g) = -4*v(g) - 7*y(g). Give k(-4).
7
Let l(f) = f**3 + 5*f**2 - 6*f + 1. Let x be 2/((-21)/9 - -3). Suppose -2*y = 4*m - 6, x*m - y - 1 = 1. Let z be 124/(-20) - m/(-5). Give l(z).
1
Let z(l) = -l**3 + 7*l**2 - 4*l - 3. Let p = 208 - 204. Determine z(p).
29
Let o(v) = -5*v**3 + 2*v**2 - 3*v + 2. Let w(s) = s**3 - s**2 + s - 1. Let x(t) = o(t) + 3*w(t). What is x(-2)?
11
Let t(b) be the first derivative of -b**4/4 - 2*b**3 - 7*b**2/2 + 2*b + 1. Let w(u) = -8*u + 147. Let x be w(19). Determine t(x).
12
Let k(b) = 0 + 4 - 2*b + 2 - 3*b + 9*b. Determine k(5).
26
Let v(s) = 75 - s - 61 + 2*s + 0*s. Give v(-14).
0
Let y(b) = 7*b**3 - b**2 + b + 1. Let i(t) = 24*t + 169. Let z be i(-7). Give y(z).
8
Let y(w) be the first derivative of 1/3*w**3 + 0*w + w**2 - 3. Let v(t) = -t**3 - t - 2. Let b be v(0). Calculate y(b).
0
Let n be (-27)/(-63)*14 + 0. Let l(m) be the first derivative of m**4/4 - 5*m**3/3 - 7*m**2/2 + 9*m + 1. Give l(n).
3
Suppose 0 = n - 3 - 3. Let y = n + -2. Let p(h) be the third derivative of h**4/24 - 7*h**3/6 + 35*h**2. Calculate p(y).
-3
Let i(p) = -3*p**2 - 12*p + 10. Let h(a) = 2*a**2 + 6*a - 5. Let y(q) = 5*h(q) + 3*i(q). Let f(c) = 13*c - 33. Let g be f(3). What is y(g)?
5
Let m(z) be the third derivative of z**5/20 - z**3/6 + z**2. Let x be (2 + -1)*35/7. Suppose -q - 3 = 4*l, 2*q + 4*l - 3 = -x. Give m(q).
2
Let v be 60/270 - 61/(-9). Let z(a) = a**3 - 8*a**2 + 8*a - 16. Give z(v).
-9
Let w(u) = -9*u**2 - 3. Let h(s) = -s + 1. Let d(a) = 2*h(a) + w(a). Let c(v) = v - 3. Let n be c(5). Suppose -3*r - x - 9 = n*r, 5*r = 2*x + 3. Calculate d(r).
-8
Let g(m) = 17*m**3. Let o(t) = -t**2 + 16*t + 37. Let l be o(1